i. Let k(y) = 0*y**2 + 6 - 3*y + 14*y + 3*y**2 - 2*y**2. Calculate k(i).
-4
Suppose 63 - 4 = j. Let s = -53 + j. Let t be 1/(0 + 1) - s/(-3). Let i(x) = 5*x - 3. Determine i(t).
12
Let k(v) = v**3 + 11*v**2 + 12*v + 2. Let o be (8/(-14))/(622/10885). Calculate k(o).
-18
Let x(i) = -21*i**2 - 82*i**3 - 13*i - 14 + 81*i**3 + 12*i. Calculate x(-21).
7
Let m(u) = 856 + 0*u + 868 - 2*u - 1690 + 12*u. Calculate m(-2).
14
Let z = 6 - 11. Let u(w) = 68*w**3 - 12*w**2 - 7*w - 23. Let m(d) = 245*d**3 - 42*d**2 - 24*d - 82. Let i(s) = -5*m(s) + 18*u(s). Calculate i(z).
1
Let y(i) = 6*i**2 + 9*i + 6. Let s(l) = -7*l**2 - 10*l - 7. Let t(k) = -5*s(k) - 6*y(k). Suppose -5*v - 5*q - 55 + 25 = 0, 10 = 5*v - 5*q. Calculate t(v).
3
Let g(a) = a - 3. Let u = 131 + -131. Suppose u*n - 3*n = -18. Let b be 4 + n/(-3) + 4/(-2). Calculate g(b).
-3
Let h(l) be the third derivative of 0*l - 1/360*l**6 - 5*l**3 - l**2 + 0 + 1/4*l**4 + 1/24*l**5. Let g(i) be the first derivative of h(i). Determine g(5).
6
Suppose 9514 = -4*y + 9538. Let s(i) = -13*i + 88. Give s(y).
10
Suppose -24 = 14*d - 18*d. Suppose -61*g = -63*g - d. Let x(j) = j**3 + 3*j**2 - 3*j - 3. Determine x(g).
6
Suppose -7*v + 7 = -2*v - b, -4*b = -12. Let t(p) = 226 - 3*p**2 - 227 + 4*p**v - 8*p. Calculate t(7).
-8
Suppose 5*i - s = -83, -5*i + s - 89 = -2*s. Let v = 20 + i. Suppose a - 3*a = -v. Let d(m) = 3*m - 2. What is d(a)?
4
Let f(m) = -6845*m + 13694*m - 6849*m - 5*m**2 - 1. Let j be (-1 - -3)/(8/(-4)). Calculate f(j).
-6
Suppose -5*o - 656 = -3*u, 432 + 90 = -4*o + u. Let f = 127 + o. Let p be 1/((-3 + 4)/(f/(-1))). Let l(g) = -g**2 + 2*g. Calculate l(p).
-3
Let y(f) = -f**3 + 7*f**2 - 9*f - 17. Let k(z) = -z**3 + 6*z**2 - 10*z - 20. Let j(u) = 5*k(u) - 6*y(u). What is j(11)?
-75
Let h = -4 - -6. Let y(s) = -s**2 - 5*s + 12. Let g(n) = 8*n**2 + 43*n - 102. Let o(l) = -2*g(l) - 17*y(l). Determine o(h).
2
Let a(t) be the first derivative of t**3/3 - 31*t**2 + 324*t - 8587. Calculate a(6).
-12
Let y(d) = -5*d + 187. Let w(r) = -285*r + 3744. Let m be w(13). Give y(m).
-8
Let j(p) = -p**2 - 6*p - 9. Let q(l) = -1 + 2 + 0. Let x(g) = j(g) + q(g). Suppose -3*s - 3 = 0, -2*w + s = 3*w + 34. Determine x(w).
-15
Let r(j) = j + 11. Let u = 103 + -146. Let m = u + 70. Suppose -25*w + 16 = -m*w. What is r(w)?
3
Let z(l) = -20 - 4 + 9*l**2 - l**3 + 0*l**2 - l**2 + 35. What is z(8)?
11
Let i(a) = 5*a**2 + 62 + 15*a + 67 - 131 - 8*a. Give i(-3).
22
Let p(n) = 4*n + 13 + 0 + 2 - n**2 - 1. Determine p(6).
2
Let a(j) = -17*j**2 - 13*j + 431. Let b(w) = 10*w**2 + 7*w - 214. Let s(p) = -3*a(p) - 5*b(p). What is s(-17)?
-2
Let c(p) be the second derivative of p**4/12 + 2*p**3/3 - 45*p - 8. Calculate c(-2).
-4
Let g(c) = 193*c**2 - 56*c**2 + 26 - 136*c**2 - 15*c. Determine g(11).
-18
Let p(f) = -2*f**2 + 60*f - 57. Suppose 2*q - 82 = 4*z, 3*q - 8 = -4*z + 55. What is p(q)?
1
Let o be 621/7 - (-36)/126. Let q(f) = f + 87 + 0*f - o. Calculate q(-4).
-6
Let i(f) = 31*f - 57. Let p be i(8). Let n(d) = -63 - 71 + p + 2*d - 62. Determine n(5).
5
Let o be (5 + -7)*525/14. Let x = o + 74. Let q(n) = 9*n**2. Give q(x).
9
Let d(s) = 14*s**3 - s. Suppose 2*t = -g - 11, -3*t + g - 9 + 0 = 0. Let h be t + 5 - (1 + -4). Suppose -h*q = 1 - 5. Calculate d(q).
13
Suppose u + 3*w = -7, 4*w - 20 = 6*u - 11*u. Let z(h) = 3*h - h + h - 2*h - 11. Give z(u).
-3
Let t(k) = k + 1. Suppose 0 = 4*d - 8, 2*d = 4*y + 61 - 185. Let h be 10/(280/(-21))*y/2. Determine t(h).
-11
Let d(r) = r**3 - 7*r**2 - 10*r + 6. Suppose 4*u + 3*i - 44 = 0, 63*i - 60*i = -2*u + 28. What is d(u)?
-10
Let i(d) = d**3 + 9*d**2 + 11*d + 10. Let v be (-4)/(-10) - (-13 - 11624/40). Let t = 296 - v. Determine i(t).
-14
Let j(n) = -2*n**3 + 29*n**2 + 16*n - 10. Let w be j(15). Let t(v) = -11*v + w*v + 3*v + 12*v + 3 + v**2. What is t(-8)?
-5
Let a(u) = -u**2 + 8*u - 5. Suppose -4*o + 8 = -36. Let q(x) = -8*x**3 + 7*x**2 + 17*x + 2. Let j be q(-2). Suppose -o*z + j = -z. What is a(z)?
7
Let y = 5641 - 5670. Let h(d) = -10*d - 296. What is h(y)?
-6
Let d(w) = w**2 + 10*w - 28. Let q be d(-13). Let o be 1/(q/(-3) + 4). Let i(b) = 2*b - b**2 - 8*b**3 + 2*b**3 + 2*b**o + 6*b**3. Calculate i(2).
16
Let p(w) = 8*w - 3. Let q(a) = -7*a + 1. Suppose 152*j + 4 = 154*j. Let u(d) = j*p(d) + 3*q(d). Calculate u(-6).
27
Suppose 24*l = 65 + 760 - 153. Let s(t) be the third derivative of -1/6*t**3 - 7/60*t**5 + 1/3*t**4 + 0*t + l*t**2 + 0 - 1/120*t**6. Give s(-8).
-1
Let t = 25/183 - -83/732. Let w(o) be the first derivative of 3*o - 8/3*o**3 + 20 + t*o**4 - 9/2*o**2. Determine w(9).
3
Let c(k) = 9*k + 239. Let u be c(-25). Let q(y) = u*y**3 + 7 + 5*y**2 + 4*y**3 - 19*y**3. What is q(6)?
-29
Let l(z) be the third derivative of z**7/2520 + z**6/720 + 41*z**5/60 - 52*z**2. Let t(n) be the third derivative of l(n). Give t(-6).
-11
Let g(f) = 15 + 13 + 13 + 25 - 68 + f. Let i = 4 + 0. Suppose -i = -3*h + 17. What is g(h)?
5
Let q(n) = -25*n + 5. Suppose 0 = 9*z - 28*z - 16*z - 35. Determine q(z).
30
Suppose 911*n = 1826*n - 906*n - 36. Let i(g) = g**2 - g + 1. Let j(h) = -5*h**2 + 6*h + 1. Let d(a) = -3*i(a) - j(a). What is d(n)?
16
Suppose -3*o - o = 0. Let b(r) = -r**2 + 2*r - 26. Let f be b(o). Let s be (-134)/f - 8/52. Let d(z) = z**2 - 5*z + 1. Calculate d(s).
1
Let b(q) = -q + 1. Let u(f) = f**2 - 2*f - 4. Suppose 4*m - s - 11 - 4 = 0, -s = 3. Let p(r) = m*b(r) + u(r). What is p(6)?
5
Suppose -20012 = -12*y - 20216. Let r(z) = 10*z + 167. Calculate r(y).
-3
Let w(h) = h + 13. Let j(c) = -c**3 + 28*c**2 - 51*c - 26. Suppose 3*f - 82 = -4*n, 2*f + 9*n - 57 = 4*n. Let q be j(f). Determine w(q).
13
Let v(f) = -221*f - 29. Let d(o) = 68*o + 10. Let n(m) = -10*d(m) - 3*v(m). What is n(-1)?
4
Suppose 3*t = 3*k - 3, -4*k + 48*t - 47*t + 1 = 0. Let n(b) be the second derivative of b**2 + 1/6*b**4 - 9*b + k + 1/6*b**3. Calculate n(-2).
8
Let t(b) = -b**3 + 9905 + 4*b**2 + 0*b**3 - 9901 + 0*b**3 - 4*b. What is t(4)?
-12
Let o(d) = -8*d - 463. Let n be o(-59). Let q(m) = m**3 - 9*m**2 - 8. Give q(n).
-8
Let r be (-45)/(-15 + 10)*6/(-9). Let t(n) = -5*n - 4. Determine t(r).
26
Suppose -3*u - 20*i + 17*i = -3, i - 1 = 3*u. Let x(a) be the third derivative of -1/6*a**4 + 15*a**2 + u + 0*a + 1/6*a**3. What is x(1)?
-3
Let o(f) = 23*f + 10 - 8*f + 9 - 2 - 9*f. Determine o(11).
83
Let c(q) = -q**3 - 22*q**2 + 203*q - 41. Let u be c(7). Let z(j) = j**3 + 40*j**2 - 44*j - 121. What is z(u)?
2
Let b(p) = -12*p - 1. Let l(f) = -f. Let q(o) = -b(o) + 2*l(o). Suppose 209 - 455 = -23*i - 223. Calculate q(i).
11
Let f(r) = 13*r**3 - 545*r**2 + 721*r + 130. Let s(n) = n**3 - 42*n**2 + 55*n + 10. Let i(d) = -2*f(d) + 27*s(d). Determine i(43).
10
Let u(l) = -l**3 + l**2 - 12*l - 1. Let r be u(0). Let q(m) = m + 4*m**2 - m**3 - m**3 + 0*m - 3*m**2 + 1. Determine q(r).
3
Let m(h) = -h**2 - h + 17. Let y be m(-7). Let p be y/(-40)*(-8)/(-1). Let w(d) be the first derivative of d**2/2 + 2*d - 1. Determine w(p).
7
Let r(s) = 2*s**3 + 5*s**2 + 2*s - 1. Let b = -20870 - -20868. Calculate r(b).
-1
Let n(w) be the third derivative of -w**5/20 - 5*w**4/4 - 40*w**3/3 - 2693*w**2 - 2. Determine n(-3).
-17
Let t(r) = r**3 + 5*r**2 + 3*r + 3. Let x(s) = 3*s**2 + 53*s - 18. Let o be x(-18). Let y be (16/10)/(2/(-5) + o). Calculate t(y).
7
Let t(j) = -j**2 + 4*j - 2. Let o be t(2). Let m(i) = -32 - 3*i**2 + 0*i**2 + 0*i**2 + 4*i + 29. Calculate m(o).
-7
Let f(y) = 109*y**2 + 31*y + 49. Let c(w) = -78*w**2 - 21*w - 33. Let t(u) = -7*c(u) - 5*f(u). Give t(-3).
19
Suppose 3 = u - s, u = 6*u - 3*s - 15. Suppose -3 = u*m - 3*z, -19 = 4*m - 8*z + 9*z. Let x(v) = v**2 + 2*v - 1. What is x(m)?
7
Let g be (-14)/(-49) + (-5308)/7. Let o = -752 - g. Let r(t) = t**2 - t - 26. Calculate r(o).
4
Let p(y) = -30*y + 1. Let o(n) = 173*n + 23. Let z(t) = -o(t) - 6*p(t). Calculate z(-8).
-85
Let t(o) be the second derivative of -o - 3/2*o**2 - 2*o**3 + 0 - 1/12*o**4. What is t(-12)?
-3
Let x = -19004 - -18992. Let j(u) = -11*u**2 - 129*u + 34. Give j(x).
-2
Let q(f) be the third derivative of f**6/120 + f**5/20 - f**4/4 - 7*f**3/6 + 152*f**2 + f. What is q(-4)?
1
Suppose 3*a - 4*v = 7, -5*v + 166 = 3*a + 114. Let u(b) = 2*b**2 + 5 - 15 + 10*b + a + 1. Let r be -9 - (1 - 0)*-2. Determine u(r).
28
Let f = -26 + 28. Suppose f*n = 2*y, -3*y + 0*y = 0